{"id":402,"date":"2022-08-17T12:19:09","date_gmt":"2022-08-17T12:19:09","guid":{"rendered":"https:\/\/handklaedaofnar.dvergur.com\/?page_id=402"},"modified":"2022-08-17T12:39:11","modified_gmt":"2022-08-17T12:39:11","slug":"serpontun","status":"publish","type":"page","link":"https:\/\/gorri.is\/?page_id=402","title":{"rendered":"S\u00e9rp\u00f6ntun"},"content":{"rendered":"\n<p>H\u00e6gt er a\u00f0 s\u00e9rpanta alskins ofna. Ofna sem henta h\u00f3telum, gistiheimilum e\u00f0a fj\u00f6lb\u00fdlum. Endilega sendu okkur skilabo\u00f0 og vi\u00f0 h\u00f6fum samband.<\/p>\n\n\n\n<div class=\"wp-block-columns is-layout-flex wp-container-core-columns-is-layout-9d6595d7 wp-block-columns-is-layout-flex\">\n<div class=\"wp-block-column is-layout-flow wp-block-column-is-layout-flow\">\n<figure class=\"wp-block-gallery has-nested-images columns-default is-cropped wp-block-gallery-1 is-layout-flex wp-block-gallery-is-layout-flex\">\n<figure class=\"wp-block-image size-large\"><img loading=\"lazy\" decoding=\"async\" width=\"1000\" height=\"1000\" data-id=\"353\" src=\"https:\/\/gorri.s3.eu-west-2.amazonaws.com\/uploads\/2022\/08\/27224805\/terma-ouse-vertical-radiator-ral-colour-1.jpg\" alt=\"\" class=\"wp-image-353\" srcset=\"https:\/\/gorri.s3.eu-west-2.amazonaws.com\/uploads\/2022\/08\/27224805\/terma-ouse-vertical-radiator-ral-colour-1.jpg 1000w, https:\/\/gorri.s3.eu-west-2.amazonaws.com\/uploads\/2022\/08\/27224805\/terma-ouse-vertical-radiator-ral-colour-1-300x300.jpg 300w, https:\/\/gorri.s3.eu-west-2.amazonaws.com\/uploads\/2022\/08\/27224805\/terma-ouse-vertical-radiator-ral-colour-1-150x150.jpg 150w, https:\/\/gorri.s3.eu-west-2.amazonaws.com\/uploads\/2022\/08\/27224805\/terma-ouse-vertical-radiator-ral-colour-1-768x768.jpg 768w, https:\/\/gorri.s3.eu-west-2.amazonaws.com\/uploads\/2022\/08\/27224805\/terma-ouse-vertical-radiator-ral-colour-1-324x324.jpg 324w, https:\/\/gorri.s3.eu-west-2.amazonaws.com\/uploads\/2022\/08\/27224805\/terma-ouse-vertical-radiator-ral-colour-1-416x416.jpg 416w, https:\/\/gorri.s3.eu-west-2.amazonaws.com\/uploads\/2022\/08\/27224805\/terma-ouse-vertical-radiator-ral-colour-1-100x100.jpg 100w\" sizes=\"auto, (max-width: 1000px) 100vw, 1000px\" \/><\/figure>\n\n\n\n<figure class=\"wp-block-image size-large\"><img loading=\"lazy\" decoding=\"async\" width=\"1000\" height=\"1400\" data-id=\"376\" src=\"https:\/\/gorri.s3.eu-west-2.amazonaws.com\/uploads\/2022\/08\/27224800\/riva.jpg\" alt=\"Riva\" class=\"wp-image-376\" srcset=\"https:\/\/gorri.s3.eu-west-2.amazonaws.com\/uploads\/2022\/08\/27224800\/riva.jpg 1000w, https:\/\/gorri.s3.eu-west-2.amazonaws.com\/uploads\/2022\/08\/27224800\/riva-214x300.jpg 214w, https:\/\/gorri.s3.eu-west-2.amazonaws.com\/uploads\/2022\/08\/27224800\/riva-731x1024.jpg 731w, https:\/\/gorri.s3.eu-west-2.amazonaws.com\/uploads\/2022\/08\/27224800\/riva-768x1075.jpg 768w, https:\/\/gorri.s3.eu-west-2.amazonaws.com\/uploads\/2022\/08\/27224800\/riva-416x582.jpg 416w\" sizes=\"auto, (max-width: 1000px) 100vw, 1000px\" \/><\/figure>\n\n\n\n<figure class=\"wp-block-image size-large\"><img loading=\"lazy\" decoding=\"async\" width=\"1000\" height=\"1400\" data-id=\"362\" src=\"https:\/\/gorri.s3.eu-west-2.amazonaws.com\/uploads\/2022\/08\/27224804\/todinbg.jpg\" alt=\"\" class=\"wp-image-362\" srcset=\"https:\/\/gorri.s3.eu-west-2.amazonaws.com\/uploads\/2022\/08\/27224804\/todinbg.jpg 1000w, https:\/\/gorri.s3.eu-west-2.amazonaws.com\/uploads\/2022\/08\/27224804\/todinbg-214x300.jpg 214w, https:\/\/gorri.s3.eu-west-2.amazonaws.com\/uploads\/2022\/08\/27224804\/todinbg-731x1024.jpg 731w, https:\/\/gorri.s3.eu-west-2.amazonaws.com\/uploads\/2022\/08\/27224804\/todinbg-768x1075.jpg 768w, https:\/\/gorri.s3.eu-west-2.amazonaws.com\/uploads\/2022\/08\/27224804\/todinbg-416x582.jpg 416w\" sizes=\"auto, (max-width: 1000px) 100vw, 1000px\" \/><\/figure>\n\n\n\n<figure class=\"wp-block-image size-large\"><img loading=\"lazy\" decoding=\"async\" width=\"731\" height=\"1024\" data-id=\"369\" src=\"https:\/\/gorri.s3.eu-west-2.amazonaws.com\/uploads\/2022\/08\/27224803\/elvina-731x1024.jpg\" alt=\"\" class=\"wp-image-369\" srcset=\"https:\/\/gorri.s3.eu-west-2.amazonaws.com\/uploads\/2022\/08\/27224803\/elvina-731x1024.jpg 731w, https:\/\/gorri.s3.eu-west-2.amazonaws.com\/uploads\/2022\/08\/27224803\/elvina-214x300.jpg 214w, https:\/\/gorri.s3.eu-west-2.amazonaws.com\/uploads\/2022\/08\/27224803\/elvina-768x1075.jpg 768w, https:\/\/gorri.s3.eu-west-2.amazonaws.com\/uploads\/2022\/08\/27224803\/elvina-416x582.jpg 416w, https:\/\/gorri.s3.eu-west-2.amazonaws.com\/uploads\/2022\/08\/27224803\/elvina.jpg 1000w\" sizes=\"auto, (max-width: 731px) 100vw, 731px\" \/><\/figure>\n<\/figure>\n\n\n\n<p>\u00deessir ofnar hafa veri\u00f0 vins\u00e6lir \u00e1 h\u00f3telum og gistiheimilum.<br>5 \u00e1ra \u00e1byrg\u00f0<\/p>\n<\/div>\n\n\n\n<div class=\"wp-block-column is-layout-flow wp-block-column-is-layout-flow\">\n<p>Sendu okkur skilabo\u00f0<\/p>\n\n\n\n\n<div class=\"wpcf7 no-js\" id=\"wpcf7-f413-o1\" lang=\"is-IS\" dir=\"ltr\" data-wpcf7-id=\"413\">\n<div class=\"screen-reader-response\"><p role=\"status\" aria-live=\"polite\" aria-atomic=\"true\"><\/p> <ul><\/ul><\/div>\n<form action=\"\/index.php?rest_route=%2Fwp%2Fv2%2Fpages%2F402#wpcf7-f413-o1\" method=\"post\" class=\"wpcf7-form init\" aria-label=\"Contact form\" novalidate=\"novalidate\" data-status=\"init\">\n<fieldset class=\"hidden-fields-container\"><input type=\"hidden\" name=\"_wpcf7\" value=\"413\" \/><input type=\"hidden\" name=\"_wpcf7_version\" value=\"6.1.4\" \/><input type=\"hidden\" name=\"_wpcf7_locale\" value=\"is_IS\" \/><input type=\"hidden\" name=\"_wpcf7_unit_tag\" value=\"wpcf7-f413-o1\" \/><input type=\"hidden\" name=\"_wpcf7_container_post\" value=\"0\" \/><input type=\"hidden\" name=\"_wpcf7_posted_data_hash\" value=\"\" \/>\n<\/fieldset>\n<p><label> Nafn<br \/>\n<span class=\"wpcf7-form-control-wrap\" data-name=\"your-name\"><input size=\"40\" maxlength=\"400\" class=\"wpcf7-form-control wpcf7-text wpcf7-validates-as-required\" aria-required=\"true\" aria-invalid=\"false\" value=\"\" type=\"text\" name=\"your-name\" \/><\/span> <\/label>\n<\/p>\n<p><label> T\u00f6lvup\u00f3stur<br \/>\n<span class=\"wpcf7-form-control-wrap\" data-name=\"your-email\"><input size=\"40\" maxlength=\"400\" class=\"wpcf7-form-control wpcf7-email wpcf7-validates-as-required wpcf7-text wpcf7-validates-as-email\" aria-required=\"true\" aria-invalid=\"false\" value=\"\" type=\"email\" name=\"your-email\" \/><\/span> <\/label>\n<\/p>\n<p><label> S\u00e9rp\u00f6ntun<\/label>\n<\/p>\n<p><label> Skilabo\u00f0<br \/>\n<span class=\"wpcf7-form-control-wrap\" data-name=\"your-message\"><textarea cols=\"40\" rows=\"10\" maxlength=\"2000\" class=\"wpcf7-form-control wpcf7-textarea\" aria-invalid=\"false\" name=\"your-message\"><\/textarea><\/span> <\/label>\n<\/p>\n<p><input class=\"wpcf7-form-control wpcf7-submit has-spinner\" type=\"submit\" value=\"Senda\" \/>\n<\/p><div class=\"wpcf7-response-output\" aria-hidden=\"true\"><\/div>\n<\/form>\n<\/div>\n\n<\/div>\n<\/div>\n","protected":false},"excerpt":{"rendered":"<p>H\u00e6gt er a\u00f0 s\u00e9rpanta alskins ofna. Ofna sem henta h\u00f3telum, gistiheimilum e\u00f0a fj\u00f6lb\u00fdlum. Endilega sendu okkur skilabo\u00f0 og vi\u00f0 h\u00f6fum samband. \u00deessir ofnar hafa veri\u00f0 vins\u00e6lir \u00e1 h\u00f3telum og gistiheimilum.5 \u00e1ra \u00e1byrg\u00f0 Sendu okkur skilabo\u00f0<\/p>\n","protected":false},"author":2,"featured_media":0,"parent":0,"menu_order":0,"comment_status":"closed","ping_status":"closed","template":"","meta":{"footnotes":""},"class_list":["post-402","page","type-page","status-publish","hentry"],"yoast_head":"<!-- This site is optimized with the Yoast SEO plugin v27.4 - https:\/\/yoast.com\/product\/yoast-seo-wordpress\/ -->\n<title>S\u00e9rp\u00f6ntun - Handkl\u00e6\u00f0aofnar<\/title>\n<meta name=\"robots\" content=\"index, follow, max-snippet:-1, max-image-preview:large, max-video-preview:-1\" \/>\n<link rel=\"canonical\" href=\"https:\/\/gorri.is\/?page_id=402\" \/>\n<meta property=\"og:locale\" content=\"is_IS\" \/>\n<meta property=\"og:type\" content=\"article\" \/>\n<meta property=\"og:title\" content=\"S\u00e9rp\u00f6ntun - Handkl\u00e6\u00f0aofnar\" \/>\n<meta property=\"og:description\" content=\"H\u00e6gt er a\u00f0 s\u00e9rpanta alskins ofna. Ofna sem henta h\u00f3telum, gistiheimilum e\u00f0a fj\u00f6lb\u00fdlum. Endilega sendu okkur skilabo\u00f0 og vi\u00f0 h\u00f6fum samband. \u00deessir ofnar hafa veri\u00f0 vins\u00e6lir \u00e1 h\u00f3telum og gistiheimilum.5 \u00e1ra \u00e1byrg\u00f0 Sendu okkur skilabo\u00f0\" \/>\n<meta property=\"og:url\" content=\"https:\/\/gorri.is\/?page_id=402\" \/>\n<meta property=\"og:site_name\" content=\"Handkl\u00e6\u00f0aofnar\" \/>\n<meta property=\"article:publisher\" content=\"https:\/\/www.facebook.com\/handklaedaofnar\" \/>\n<meta property=\"article:modified_time\" content=\"2022-08-17T12:39:11+00:00\" \/>\n<meta property=\"og:image\" content=\"https:\/\/gorri.is\/wp-content\/uploads\/2022\/08\/terma-ouse-vertical-radiator-ral-colour-1.jpg\" \/>\n<meta name=\"twitter:card\" content=\"summary_large_image\" \/>\n<meta name=\"twitter:label1\" content=\"Est. reading time\" \/>\n\t<meta name=\"twitter:data1\" content=\"2 m\u00edn\u00fatur\" \/>\n<script type=\"application\/ld+json\" class=\"yoast-schema-graph\">{\"@context\":\"https:\\\/\\\/schema.org\",\"@graph\":[{\"@type\":\"WebPage\",\"@id\":\"https:\\\/\\\/gorri.is\\\/?page_id=402\",\"url\":\"https:\\\/\\\/gorri.is\\\/?page_id=402\",\"name\":\"S\u00e9rp\u00f6ntun - Handkl\u00e6\u00f0aofnar\",\"isPartOf\":{\"@id\":\"https:\\\/\\\/gorri.is\\\/#website\"},\"primaryImageOfPage\":{\"@id\":\"https:\\\/\\\/gorri.is\\\/?page_id=402#primaryimage\"},\"image\":{\"@id\":\"https:\\\/\\\/gorri.is\\\/?page_id=402#primaryimage\"},\"thumbnailUrl\":\"https:\\\/\\\/gorri.is\\\/wp-content\\\/uploads\\\/2022\\\/08\\\/terma-ouse-vertical-radiator-ral-colour-1.jpg\",\"datePublished\":\"2022-08-17T12:19:09+00:00\",\"dateModified\":\"2022-08-17T12:39:11+00:00\",\"breadcrumb\":{\"@id\":\"https:\\\/\\\/gorri.is\\\/?page_id=402#breadcrumb\"},\"inLanguage\":\"is\",\"potentialAction\":[{\"@type\":\"ReadAction\",\"target\":[\"https:\\\/\\\/gorri.is\\\/?page_id=402\"]}]},{\"@type\":\"ImageObject\",\"inLanguage\":\"is\",\"@id\":\"https:\\\/\\\/gorri.is\\\/?page_id=402#primaryimage\",\"url\":\"https:\\\/\\\/gorri.s3.eu-west-2.amazonaws.com\\\/uploads\\\/2022\\\/08\\\/27224805\\\/terma-ouse-vertical-radiator-ral-colour-1.jpg\",\"contentUrl\":\"https:\\\/\\\/gorri.s3.eu-west-2.amazonaws.com\\\/uploads\\\/2022\\\/08\\\/27224805\\\/terma-ouse-vertical-radiator-ral-colour-1.jpg\",\"width\":1000,\"height\":1000},{\"@type\":\"BreadcrumbList\",\"@id\":\"https:\\\/\\\/gorri.is\\\/?page_id=402#breadcrumb\",\"itemListElement\":[{\"@type\":\"ListItem\",\"position\":1,\"name\":\"Home\",\"item\":\"https:\\\/\\\/gorri.is\\\/\"},{\"@type\":\"ListItem\",\"position\":2,\"name\":\"S\u00e9rp\u00f6ntun\"}]},{\"@type\":\"WebSite\",\"@id\":\"https:\\\/\\\/gorri.is\\\/#website\",\"url\":\"https:\\\/\\\/gorri.is\\\/\",\"name\":\"Handkl\u00e6\u00f0aofnar\",\"description\":\"Handkl\u00e6\u00f0aofnar\",\"publisher\":{\"@id\":\"https:\\\/\\\/gorri.is\\\/#organization\"},\"potentialAction\":[{\"@type\":\"SearchAction\",\"target\":{\"@type\":\"EntryPoint\",\"urlTemplate\":\"https:\\\/\\\/gorri.is\\\/?s={search_term_string}\"},\"query-input\":{\"@type\":\"PropertyValueSpecification\",\"valueRequired\":true,\"valueName\":\"search_term_string\"}}],\"inLanguage\":\"is\"},{\"@type\":\"Organization\",\"@id\":\"https:\\\/\\\/gorri.is\\\/#organization\",\"name\":\"Handkl\u00e6\u00f0aofnar\",\"url\":\"https:\\\/\\\/gorri.is\\\/\",\"logo\":{\"@type\":\"ImageObject\",\"inLanguage\":\"is\",\"@id\":\"https:\\\/\\\/gorri.is\\\/#\\\/schema\\\/logo\\\/image\\\/\",\"url\":\"https:\\\/\\\/gorri.is\\\/wp-content\\\/uploads\\\/2022\\\/08\\\/gorriH.png\",\"contentUrl\":\"https:\\\/\\\/gorri.is\\\/wp-content\\\/uploads\\\/2022\\\/08\\\/gorriH.png\",\"width\":2304,\"height\":510,\"caption\":\"Handkl\u00e6\u00f0aofnar\"},\"image\":{\"@id\":\"https:\\\/\\\/gorri.is\\\/#\\\/schema\\\/logo\\\/image\\\/\"},\"sameAs\":[\"https:\\\/\\\/www.facebook.com\\\/handklaedaofnar\"]}]}<\/script>\n<!-- \/ Yoast SEO plugin. -->","yoast_head_json":{"title":"S\u00e9rp\u00f6ntun - Handkl\u00e6\u00f0aofnar","robots":{"index":"index","follow":"follow","max-snippet":"max-snippet:-1","max-image-preview":"max-image-preview:large","max-video-preview":"max-video-preview:-1"},"canonical":"https:\/\/gorri.is\/?page_id=402","og_locale":"is_IS","og_type":"article","og_title":"S\u00e9rp\u00f6ntun - Handkl\u00e6\u00f0aofnar","og_description":"H\u00e6gt er a\u00f0 s\u00e9rpanta alskins ofna. Ofna sem henta h\u00f3telum, gistiheimilum e\u00f0a fj\u00f6lb\u00fdlum. Endilega sendu okkur skilabo\u00f0 og vi\u00f0 h\u00f6fum samband. \u00deessir ofnar hafa veri\u00f0 vins\u00e6lir \u00e1 h\u00f3telum og gistiheimilum.5 \u00e1ra \u00e1byrg\u00f0 Sendu okkur skilabo\u00f0","og_url":"https:\/\/gorri.is\/?page_id=402","og_site_name":"Handkl\u00e6\u00f0aofnar","article_publisher":"https:\/\/www.facebook.com\/handklaedaofnar","article_modified_time":"2022-08-17T12:39:11+00:00","og_image":[{"url":"https:\/\/gorri.is\/wp-content\/uploads\/2022\/08\/terma-ouse-vertical-radiator-ral-colour-1.jpg","type":"","width":"","height":""}],"twitter_card":"summary_large_image","twitter_misc":{"Est. reading time":"2 m\u00edn\u00fatur"},"schema":{"@context":"https:\/\/schema.org","@graph":[{"@type":"WebPage","@id":"https:\/\/gorri.is\/?page_id=402","url":"https:\/\/gorri.is\/?page_id=402","name":"S\u00e9rp\u00f6ntun - Handkl\u00e6\u00f0aofnar","isPartOf":{"@id":"https:\/\/gorri.is\/#website"},"primaryImageOfPage":{"@id":"https:\/\/gorri.is\/?page_id=402#primaryimage"},"image":{"@id":"https:\/\/gorri.is\/?page_id=402#primaryimage"},"thumbnailUrl":"https:\/\/gorri.is\/wp-content\/uploads\/2022\/08\/terma-ouse-vertical-radiator-ral-colour-1.jpg","datePublished":"2022-08-17T12:19:09+00:00","dateModified":"2022-08-17T12:39:11+00:00","breadcrumb":{"@id":"https:\/\/gorri.is\/?page_id=402#breadcrumb"},"inLanguage":"is","potentialAction":[{"@type":"ReadAction","target":["https:\/\/gorri.is\/?page_id=402"]}]},{"@type":"ImageObject","inLanguage":"is","@id":"https:\/\/gorri.is\/?page_id=402#primaryimage","url":"https:\/\/gorri.s3.eu-west-2.amazonaws.com\/uploads\/2022\/08\/27224805\/terma-ouse-vertical-radiator-ral-colour-1.jpg","contentUrl":"https:\/\/gorri.s3.eu-west-2.amazonaws.com\/uploads\/2022\/08\/27224805\/terma-ouse-vertical-radiator-ral-colour-1.jpg","width":1000,"height":1000},{"@type":"BreadcrumbList","@id":"https:\/\/gorri.is\/?page_id=402#breadcrumb","itemListElement":[{"@type":"ListItem","position":1,"name":"Home","item":"https:\/\/gorri.is\/"},{"@type":"ListItem","position":2,"name":"S\u00e9rp\u00f6ntun"}]},{"@type":"WebSite","@id":"https:\/\/gorri.is\/#website","url":"https:\/\/gorri.is\/","name":"Handkl\u00e6\u00f0aofnar","description":"Handkl\u00e6\u00f0aofnar","publisher":{"@id":"https:\/\/gorri.is\/#organization"},"potentialAction":[{"@type":"SearchAction","target":{"@type":"EntryPoint","urlTemplate":"https:\/\/gorri.is\/?s={search_term_string}"},"query-input":{"@type":"PropertyValueSpecification","valueRequired":true,"valueName":"search_term_string"}}],"inLanguage":"is"},{"@type":"Organization","@id":"https:\/\/gorri.is\/#organization","name":"Handkl\u00e6\u00f0aofnar","url":"https:\/\/gorri.is\/","logo":{"@type":"ImageObject","inLanguage":"is","@id":"https:\/\/gorri.is\/#\/schema\/logo\/image\/","url":"https:\/\/gorri.is\/wp-content\/uploads\/2022\/08\/gorriH.png","contentUrl":"https:\/\/gorri.is\/wp-content\/uploads\/2022\/08\/gorriH.png","width":2304,"height":510,"caption":"Handkl\u00e6\u00f0aofnar"},"image":{"@id":"https:\/\/gorri.is\/#\/schema\/logo\/image\/"},"sameAs":["https:\/\/www.facebook.com\/handklaedaofnar"]}]}},"_links":{"self":[{"href":"https:\/\/gorri.is\/index.php?rest_route=\/wp\/v2\/pages\/402","targetHints":{"allow":["GET"]}}],"collection":[{"href":"https:\/\/gorri.is\/index.php?rest_route=\/wp\/v2\/pages"}],"about":[{"href":"https:\/\/gorri.is\/index.php?rest_route=\/wp\/v2\/types\/page"}],"author":[{"embeddable":true,"href":"https:\/\/gorri.is\/index.php?rest_route=\/wp\/v2\/users\/2"}],"replies":[{"embeddable":true,"href":"https:\/\/gorri.is\/index.php?rest_route=%2Fwp%2Fv2%2Fcomments&post=402"}],"version-history":[{"count":9,"href":"https:\/\/gorri.is\/index.php?rest_route=\/wp\/v2\/pages\/402\/revisions"}],"predecessor-version":[{"id":421,"href":"https:\/\/gorri.is\/index.php?rest_route=\/wp\/v2\/pages\/402\/revisions\/421"}],"wp:attachment":[{"href":"https:\/\/gorri.is\/index.php?rest_route=%2Fwp%2Fv2%2Fmedia&parent=402"}],"curies":[{"name":"wp","href":"https:\/\/api.w.org\/{rel}","templated":true}]}}