{"id":51,"date":"2021-10-22T09:00:25","date_gmt":"2021-10-22T09:00:25","guid":{"rendered":"https:\/\/crazy-moser.161-35-166-251.plesk.page\/?page_id=51"},"modified":"2024-02-01T13:14:40","modified_gmt":"2024-02-01T13:14:40","slug":"51-2","status":"publish","type":"page","link":"https:\/\/gorri.is\/","title":{"rendered":""},"content":{"rendered":"\n<div class=\"wp-block-cover is-light\"><span aria-hidden=\"true\" class=\"wp-block-cover__background has-background-dim-30 has-background-dim\"><\/span><img loading=\"lazy\" decoding=\"async\" width=\"2400\" height=\"1600\" class=\"wp-block-cover__image-background wp-image-110\" alt=\"\" src=\"https:\/\/gorri.s3.eu-west-2.amazonaws.com\/uploads\/2022\/01\/27224838\/r-architecture-P_0tnQ8hb70-unsplash.jpg\" data-object-fit=\"cover\" srcset=\"https:\/\/gorri.s3.eu-west-2.amazonaws.com\/uploads\/2022\/01\/27224838\/r-architecture-P_0tnQ8hb70-unsplash.jpg 2400w, https:\/\/gorri.s3.eu-west-2.amazonaws.com\/uploads\/2022\/01\/27224838\/r-architecture-P_0tnQ8hb70-unsplash-300x200.jpg 300w, https:\/\/gorri.s3.eu-west-2.amazonaws.com\/uploads\/2022\/01\/27224838\/r-architecture-P_0tnQ8hb70-unsplash-1024x683.jpg 1024w, https:\/\/gorri.s3.eu-west-2.amazonaws.com\/uploads\/2022\/01\/27224838\/r-architecture-P_0tnQ8hb70-unsplash-768x512.jpg 768w, https:\/\/gorri.s3.eu-west-2.amazonaws.com\/uploads\/2022\/01\/27224838\/r-architecture-P_0tnQ8hb70-unsplash-1536x1024.jpg 1536w, https:\/\/gorri.s3.eu-west-2.amazonaws.com\/uploads\/2022\/01\/27224838\/r-architecture-P_0tnQ8hb70-unsplash-2048x1365.jpg 2048w, https:\/\/gorri.s3.eu-west-2.amazonaws.com\/uploads\/2022\/01\/27224838\/r-architecture-P_0tnQ8hb70-unsplash-416x277.jpg 416w\" sizes=\"auto, (max-width: 2400px) 100vw, 2400px\" \/><div class=\"wp-block-cover__inner-container is-layout-flow wp-block-cover-is-layout-flow\">\n<h1 class=\"wp-block-heading has-text-align-center has-white-color has-text-color\"><\/h1>\n\n\n\n<p class=\"has-text-align-center has-large-font-size\">Eitthva\u00f0 fyrir \u00feig!<\/p>\n\n\n\n<p class=\"has-text-align-center\">Sendum fr\u00edtt \u00e1 n\u00e6sta p\u00f3sth\u00fas<\/p>\n<\/div><\/div>\n\n\n\n<p><\/p>\n\n\n<div class=\"woocommerce columns-3\"><ul class=\"products columns-3\">\n<li class=\"product-category product first\">\n\t<a aria-label=\"Visit product category Handkl\u00e6\u00f0aofnar\" href=\"https:\/\/gorri.is\/?product_cat=ofnar\"><img loading=\"lazy\" decoding=\"async\" src=\"https:\/\/gorri.s3.eu-west-2.amazonaws.com\/uploads\/2021\/10\/27224844\/22e590_c3a8cd4ab2c24fc3b81a7841f6e13d3f_mv2_d_2499_2500_s_4_2-324x324.webp\" alt=\"Handkl\u00e6\u00f0aofnar\" width=\"324\" height=\"324\" srcset=\"https:\/\/gorri.s3.eu-west-2.amazonaws.com\/uploads\/2021\/10\/27224844\/22e590_c3a8cd4ab2c24fc3b81a7841f6e13d3f_mv2_d_2499_2500_s_4_2-324x324.webp 324w, https:\/\/gorri.s3.eu-west-2.amazonaws.com\/uploads\/2021\/10\/27224844\/22e590_c3a8cd4ab2c24fc3b81a7841f6e13d3f_mv2_d_2499_2500_s_4_2-300x300.webp 300w, https:\/\/gorri.s3.eu-west-2.amazonaws.com\/uploads\/2021\/10\/27224844\/22e590_c3a8cd4ab2c24fc3b81a7841f6e13d3f_mv2_d_2499_2500_s_4_2-150x150.webp 150w, https:\/\/gorri.s3.eu-west-2.amazonaws.com\/uploads\/2021\/10\/27224844\/22e590_c3a8cd4ab2c24fc3b81a7841f6e13d3f_mv2_d_2499_2500_s_4_2-416x416.webp 416w, https:\/\/gorri.s3.eu-west-2.amazonaws.com\/uploads\/2021\/10\/27224844\/22e590_c3a8cd4ab2c24fc3b81a7841f6e13d3f_mv2_d_2499_2500_s_4_2-100x100.webp 100w, https:\/\/gorri.s3.eu-west-2.amazonaws.com\/uploads\/2021\/10\/27224844\/22e590_c3a8cd4ab2c24fc3b81a7841f6e13d3f_mv2_d_2499_2500_s_4_2.webp 490w\" sizes=\"auto, (max-width: 324px) 100vw, 324px\" \/>\t\t<h2 class=\"woocommerce-loop-category__title\">\n\t\t\tHandkl\u00e6\u00f0aofnar <mark class=\"count\">(13)<\/mark>\t\t<\/h2>\n\t\t<\/a><\/li>\n<li class=\"product-category product\">\n\t<a aria-label=\"Visit product category Ofnkranar\" href=\"https:\/\/gorri.is\/?product_cat=ofnkranar\"><img loading=\"lazy\" decoding=\"async\" src=\"https:\/\/gorri.s3.eu-west-2.amazonaws.com\/uploads\/2021\/12\/27224840\/ofnkranar-324x324.png\" alt=\"Ofnkranar\" width=\"324\" height=\"324\" srcset=\"https:\/\/gorri.s3.eu-west-2.amazonaws.com\/uploads\/2021\/12\/27224840\/ofnkranar-324x324.png 324w, https:\/\/gorri.s3.eu-west-2.amazonaws.com\/uploads\/2021\/12\/27224840\/ofnkranar-300x300.png 300w, https:\/\/gorri.s3.eu-west-2.amazonaws.com\/uploads\/2021\/12\/27224840\/ofnkranar-150x150.png 150w, https:\/\/gorri.s3.eu-west-2.amazonaws.com\/uploads\/2021\/12\/27224840\/ofnkranar-416x416.png 416w, https:\/\/gorri.s3.eu-west-2.amazonaws.com\/uploads\/2021\/12\/27224840\/ofnkranar-100x100.png 100w, https:\/\/gorri.s3.eu-west-2.amazonaws.com\/uploads\/2021\/12\/27224840\/ofnkranar.png 500w\" sizes=\"auto, (max-width: 324px) 100vw, 324px\" \/>\t\t<h2 class=\"woocommerce-loop-category__title\">\n\t\t\tOfnkranar <mark class=\"count\">(1)<\/mark>\t\t<\/h2>\n\t\t<\/a><\/li>\n<li class=\"product-category product last\">\n\t<a aria-label=\"Visit product category Rafmagnselement\" href=\"https:\/\/gorri.is\/?product_cat=rafmagnselement\"><img loading=\"lazy\" decoding=\"async\" src=\"https:\/\/gorri.s3.eu-west-2.amazonaws.com\/uploads\/2021\/12\/27224839\/Screenshot-from-2021-12-13-10.43.01-324x324.png\" alt=\"Rafmagnselement\" width=\"324\" height=\"324\" srcset=\"https:\/\/gorri.s3.eu-west-2.amazonaws.com\/uploads\/2021\/12\/27224839\/Screenshot-from-2021-12-13-10.43.01-324x324.png 324w, https:\/\/gorri.s3.eu-west-2.amazonaws.com\/uploads\/2021\/12\/27224839\/Screenshot-from-2021-12-13-10.43.01-300x300.png 300w, https:\/\/gorri.s3.eu-west-2.amazonaws.com\/uploads\/2021\/12\/27224839\/Screenshot-from-2021-12-13-10.43.01-150x150.png 150w, https:\/\/gorri.s3.eu-west-2.amazonaws.com\/uploads\/2021\/12\/27224839\/Screenshot-from-2021-12-13-10.43.01-416x416.png 416w, https:\/\/gorri.s3.eu-west-2.amazonaws.com\/uploads\/2021\/12\/27224839\/Screenshot-from-2021-12-13-10.43.01-100x100.png 100w, https:\/\/gorri.s3.eu-west-2.amazonaws.com\/uploads\/2021\/12\/27224839\/Screenshot-from-2021-12-13-10.43.01.png 496w\" sizes=\"auto, (max-width: 324px) 100vw, 324px\" \/>\t\t<h2 class=\"woocommerce-loop-category__title\">\n\t\t\tRafmagnselement <mark class=\"count\">(2)<\/mark>\t\t<\/h2>\n\t\t<\/a><\/li>\n<li class=\"product-category product first\">\n\t<a aria-label=\"Visit product category Rafmagnsofnar\" href=\"https:\/\/gorri.is\/?product_cat=rafmagnsofnar\"><img loading=\"lazy\" decoding=\"async\" src=\"https:\/\/gorri.s3.eu-west-2.amazonaws.com\/uploads\/2021\/12\/27224839\/Screenshot-from-2021-12-13-10.37.48-324x324.png\" alt=\"Rafmagnsofnar\" width=\"324\" height=\"324\" srcset=\"https:\/\/gorri.s3.eu-west-2.amazonaws.com\/uploads\/2021\/12\/27224839\/Screenshot-from-2021-12-13-10.37.48-324x324.png 324w, https:\/\/gorri.s3.eu-west-2.amazonaws.com\/uploads\/2021\/12\/27224839\/Screenshot-from-2021-12-13-10.37.48-150x150.png 150w, https:\/\/gorri.s3.eu-west-2.amazonaws.com\/uploads\/2021\/12\/27224839\/Screenshot-from-2021-12-13-10.37.48-100x100.png 100w\" sizes=\"auto, (max-width: 324px) 100vw, 324px\" \/>\t\t<h2 class=\"woocommerce-loop-category__title\">\n\t\t\tRafmagnsofnar <mark class=\"count\">(12)<\/mark>\t\t<\/h2>\n\t\t<\/a><\/li>\n<li class=\"product-category product\">\n\t<a aria-label=\"Visit product category Sturtuni\u00f0urf\u00f6ll\" href=\"https:\/\/gorri.is\/?product_cat=sturtunidurfoll\"><img loading=\"lazy\" decoding=\"async\" src=\"https:\/\/gorri.s3.eu-west-2.amazonaws.com\/uploads\/2022\/06\/27224828\/285593318_456350146201655_2935519071134097259_n-324x324.gif\" alt=\"Sturtuni\u00f0urf\u00f6ll\" width=\"324\" height=\"324\" srcset=\"https:\/\/gorri.s3.eu-west-2.amazonaws.com\/uploads\/2022\/06\/27224828\/285593318_456350146201655_2935519071134097259_n-324x324.gif 324w, https:\/\/gorri.s3.eu-west-2.amazonaws.com\/uploads\/2022\/06\/27224828\/285593318_456350146201655_2935519071134097259_n-300x300.gif 300w, https:\/\/gorri.s3.eu-west-2.amazonaws.com\/uploads\/2022\/06\/27224828\/285593318_456350146201655_2935519071134097259_n-150x150.gif 150w, https:\/\/gorri.s3.eu-west-2.amazonaws.com\/uploads\/2022\/06\/27224828\/285593318_456350146201655_2935519071134097259_n-416x416.gif 416w, https:\/\/gorri.s3.eu-west-2.amazonaws.com\/uploads\/2022\/06\/27224828\/285593318_456350146201655_2935519071134097259_n-100x100.gif 100w\" sizes=\"auto, (max-width: 324px) 100vw, 324px\" \/>\t\t<h2 class=\"woocommerce-loop-category__title\">\n\t\t\tSturtuni\u00f0urf\u00f6ll <mark class=\"count\">(1)<\/mark>\t\t<\/h2>\n\t\t<\/a><\/li>\n<li class=\"product-category product last\">\n\t<a aria-label=\"Visit product category \u00devottasn\u00farur\" href=\"https:\/\/gorri.is\/?product_cat=thvottasnurur\"><img loading=\"lazy\" decoding=\"async\" src=\"https:\/\/gorri.s3.eu-west-2.amazonaws.com\/uploads\/2021\/12\/27224835\/125042757_991100881385375_4629498917257632441_n-324x324.jpg\" alt=\"\u00devottasn\u00farur\" width=\"324\" height=\"324\" srcset=\"https:\/\/gorri.s3.eu-west-2.amazonaws.com\/uploads\/2021\/12\/27224835\/125042757_991100881385375_4629498917257632441_n-324x324.jpg 324w, https:\/\/gorri.s3.eu-west-2.amazonaws.com\/uploads\/2021\/12\/27224835\/125042757_991100881385375_4629498917257632441_n-150x150.jpg 150w, https:\/\/gorri.s3.eu-west-2.amazonaws.com\/uploads\/2021\/12\/27224835\/125042757_991100881385375_4629498917257632441_n-100x100.jpg 100w\" sizes=\"auto, (max-width: 324px) 100vw, 324px\" \/>\t\t<h2 class=\"woocommerce-loop-category__title\">\n\t\t\t\u00devottasn\u00farur <mark class=\"count\">(1)<\/mark>\t\t<\/h2>\n\t\t<\/a><\/li>\n<\/ul>\n<\/div>\n\n\n\n<p><\/p>\n","protected":false},"excerpt":{"rendered":"","protected":false},"author":1,"featured_media":0,"parent":0,"menu_order":0,"comment_status":"closed","ping_status":"closed","template":"template-fullwidth.php","meta":{"footnotes":""},"class_list":["post-51","page","type-page","status-publish","hentry"],"yoast_head":"<!-- This site is optimized with the Yoast SEO plugin v27.4 - https:\/\/yoast.com\/product\/yoast-seo-wordpress\/ -->\n<title>Handkl\u00e6\u00f0aofnar - Handkl\u00e6\u00f0aofnar<\/title>\n<meta name=\"description\" content=\"S\u00e9rst\u00f6k og falleg h\u00f6nnun \u00e1 ofnum sem h\u00e6gt er a\u00f0 setja upp \u00e1 ba\u00f0herberginu, eldh\u00fasinu, stofunni, forstofunni e\u00f0a \u00fear sem \u00feig langar til. H\u00e6gt er a\u00f0 l\u00e1ta s\u00e9rhanna fyrir sig ofna en \u00fe\u00e1 er l\u00e1marksp\u00f6ntun 10 ofnar. Handklaedaofnar.is A\u00f0rir v\u00f6ruflokkar eru kranar, sturtuni\u00f0urf\u00f6ll og sn\u00farur.\" \/>\n<meta name=\"robots\" content=\"index, follow, max-snippet:-1, max-image-preview:large, max-video-preview:-1\" \/>\n<link rel=\"canonical\" href=\"https:\/\/gorri.is\/\" \/>\n<meta property=\"og:locale\" content=\"is_IS\" \/>\n<meta property=\"og:type\" content=\"article\" \/>\n<meta property=\"og:title\" content=\"Gorri - Handkl\u00e6\u00f0aofnar\" \/>\n<meta property=\"og:description\" content=\"N\u00fdt\u00edsku handkl\u00e6\u00f0aofnar og kranar. Serst\u00f6k og falleg h\u00f6nnun \u00e1 ofnum sem h\u00e6gt er a\u00f0 setja upp \u00e1 ba\u00f0herberginu, eldh\u00fasinu, stofunni, forstofunni e\u00f0a \u00fear sem \u00feig langar til. H\u00e6gt er a\u00f0 l\u00e1ta s\u00e9rhanna fyrir sig ofna en \u00fe\u00e1 er l\u00e1marksp\u00f6ntun 10 ofnar. Handklaedaofnar.is\" \/>\n<meta property=\"og:url\" content=\"https:\/\/gorri.is\/\" \/>\n<meta property=\"og:site_name\" content=\"Handkl\u00e6\u00f0aofnar\" \/>\n<meta property=\"article:publisher\" content=\"https:\/\/www.facebook.com\/handklaedaofnar\" \/>\n<meta property=\"article:modified_time\" content=\"2024-02-01T13:14:40+00:00\" \/>\n<meta property=\"og:image\" content=\"https:\/\/gorri.s3.eu-west-2.amazonaws.com\/uploads\/2022\/08\/27224757\/gorri-og.png\" \/>\n\t<meta property=\"og:image:width\" content=\"1200\" \/>\n\t<meta property=\"og:image:height\" content=\"630\" \/>\n\t<meta property=\"og:image:type\" content=\"image\/png\" \/>\n<meta name=\"twitter:card\" content=\"summary_large_image\" \/>\n<meta name=\"twitter:title\" content=\"Gorri - Handkl\u00e6\u00f0aofnar\" \/>\n<meta name=\"twitter:description\" content=\"N\u00fdt\u00edsku handkl\u00e6\u00f0aofnar og kranar. Serst\u00f6k og falleg h\u00f6nnun \u00e1 ofnum sem h\u00e6gt er a\u00f0 setja upp \u00e1 ba\u00f0herberginu, eldh\u00fasinu, stofunni, forstofunni e\u00f0a \u00fear sem \u00feig langar til. H\u00e6gt er a\u00f0 l\u00e1ta s\u00e9rhanna fyrir sig ofna en \u00fe\u00e1 er l\u00e1marksp\u00f6ntun 10 ofnar. Handklaedaofnar.is\" \/>\n<meta name=\"twitter:image\" content=\"https:\/\/gorri.s3.eu-west-2.amazonaws.com\/uploads\/2022\/08\/27224758\/Facebook-post-1.png\" \/>\n<meta name=\"twitter:label1\" content=\"Est. reading time\" \/>\n\t<meta name=\"twitter:data1\" content=\"1 m\u00edn\u00fata\" \/>\n<script type=\"application\/ld+json\" class=\"yoast-schema-graph\">{\"@context\":\"https:\\\/\\\/schema.org\",\"@graph\":[{\"@type\":\"WebPage\",\"@id\":\"https:\\\/\\\/gorri.is\\\/\",\"url\":\"https:\\\/\\\/gorri.is\\\/\",\"name\":\"Handkl\u00e6\u00f0aofnar - Handkl\u00e6\u00f0aofnar\",\"isPartOf\":{\"@id\":\"https:\\\/\\\/gorri.is\\\/#website\"},\"primaryImageOfPage\":{\"@id\":\"https:\\\/\\\/gorri.is\\\/#primaryimage\"},\"image\":{\"@id\":\"https:\\\/\\\/gorri.is\\\/#primaryimage\"},\"thumbnailUrl\":\"https:\\\/\\\/gorri.is\\\/wp-content\\\/uploads\\\/2022\\\/01\\\/r-architecture-P_0tnQ8hb70-unsplash.jpg\",\"datePublished\":\"2021-10-22T09:00:25+00:00\",\"dateModified\":\"2024-02-01T13:14:40+00:00\",\"description\":\"S\u00e9rst\u00f6k og falleg h\u00f6nnun \u00e1 ofnum sem h\u00e6gt er a\u00f0 setja upp \u00e1 ba\u00f0herberginu, eldh\u00fasinu, stofunni, forstofunni e\u00f0a \u00fear sem \u00feig langar til. H\u00e6gt er a\u00f0 l\u00e1ta s\u00e9rhanna fyrir sig ofna en \u00fe\u00e1 er l\u00e1marksp\u00f6ntun 10 ofnar. Handklaedaofnar.is A\u00f0rir v\u00f6ruflokkar eru kranar, sturtuni\u00f0urf\u00f6ll og sn\u00farur.\",\"inLanguage\":\"is\",\"potentialAction\":[{\"@type\":\"ReadAction\",\"target\":[\"https:\\\/\\\/gorri.is\\\/\"]}]},{\"@type\":\"ImageObject\",\"inLanguage\":\"is\",\"@id\":\"https:\\\/\\\/gorri.is\\\/#primaryimage\",\"url\":\"https:\\\/\\\/gorri.s3.eu-west-2.amazonaws.com\\\/uploads\\\/2022\\\/01\\\/27224838\\\/r-architecture-P_0tnQ8hb70-unsplash.jpg\",\"contentUrl\":\"https:\\\/\\\/gorri.s3.eu-west-2.amazonaws.com\\\/uploads\\\/2022\\\/01\\\/27224838\\\/r-architecture-P_0tnQ8hb70-unsplash.jpg\",\"width\":2400,\"height\":1600},{\"@type\":\"WebSite\",\"@id\":\"https:\\\/\\\/gorri.is\\\/#website\",\"url\":\"https:\\\/\\\/gorri.is\\\/\",\"name\":\"Handkl\u00e6\u00f0aofnar\",\"description\":\"Handkl\u00e6\u00f0aofnar\",\"publisher\":{\"@id\":\"https:\\\/\\\/gorri.is\\\/#organization\"},\"potentialAction\":[{\"@type\":\"SearchAction\",\"target\":{\"@type\":\"EntryPoint\",\"urlTemplate\":\"https:\\\/\\\/gorri.is\\\/?s={search_term_string}\"},\"query-input\":{\"@type\":\"PropertyValueSpecification\",\"valueRequired\":true,\"valueName\":\"search_term_string\"}}],\"inLanguage\":\"is\"},{\"@type\":\"Organization\",\"@id\":\"https:\\\/\\\/gorri.is\\\/#organization\",\"name\":\"Handkl\u00e6\u00f0aofnar\",\"url\":\"https:\\\/\\\/gorri.is\\\/\",\"logo\":{\"@type\":\"ImageObject\",\"inLanguage\":\"is\",\"@id\":\"https:\\\/\\\/gorri.is\\\/#\\\/schema\\\/logo\\\/image\\\/\",\"url\":\"https:\\\/\\\/gorri.is\\\/wp-content\\\/uploads\\\/2022\\\/08\\\/gorriH.png\",\"contentUrl\":\"https:\\\/\\\/gorri.is\\\/wp-content\\\/uploads\\\/2022\\\/08\\\/gorriH.png\",\"width\":2304,\"height\":510,\"caption\":\"Handkl\u00e6\u00f0aofnar\"},\"image\":{\"@id\":\"https:\\\/\\\/gorri.is\\\/#\\\/schema\\\/logo\\\/image\\\/\"},\"sameAs\":[\"https:\\\/\\\/www.facebook.com\\\/handklaedaofnar\"]}]}<\/script>\n<!-- \/ Yoast SEO plugin. -->","yoast_head_json":{"title":"Handkl\u00e6\u00f0aofnar - Handkl\u00e6\u00f0aofnar","description":"S\u00e9rst\u00f6k og falleg h\u00f6nnun \u00e1 ofnum sem h\u00e6gt er a\u00f0 setja upp \u00e1 ba\u00f0herberginu, eldh\u00fasinu, stofunni, forstofunni e\u00f0a \u00fear sem \u00feig langar til. H\u00e6gt er a\u00f0 l\u00e1ta s\u00e9rhanna fyrir sig ofna en \u00fe\u00e1 er l\u00e1marksp\u00f6ntun 10 ofnar. Handklaedaofnar.is A\u00f0rir v\u00f6ruflokkar eru kranar, sturtuni\u00f0urf\u00f6ll og sn\u00farur.","robots":{"index":"index","follow":"follow","max-snippet":"max-snippet:-1","max-image-preview":"max-image-preview:large","max-video-preview":"max-video-preview:-1"},"canonical":"https:\/\/gorri.is\/","og_locale":"is_IS","og_type":"article","og_title":"Gorri - Handkl\u00e6\u00f0aofnar","og_description":"N\u00fdt\u00edsku handkl\u00e6\u00f0aofnar og kranar. Serst\u00f6k og falleg h\u00f6nnun \u00e1 ofnum sem h\u00e6gt er a\u00f0 setja upp \u00e1 ba\u00f0herberginu, eldh\u00fasinu, stofunni, forstofunni e\u00f0a \u00fear sem \u00feig langar til. H\u00e6gt er a\u00f0 l\u00e1ta s\u00e9rhanna fyrir sig ofna en \u00fe\u00e1 er l\u00e1marksp\u00f6ntun 10 ofnar. Handklaedaofnar.is","og_url":"https:\/\/gorri.is\/","og_site_name":"Handkl\u00e6\u00f0aofnar","article_publisher":"https:\/\/www.facebook.com\/handklaedaofnar","article_modified_time":"2024-02-01T13:14:40+00:00","og_image":[{"width":1200,"height":630,"url":"https:\/\/gorri.s3.eu-west-2.amazonaws.com\/uploads\/2022\/08\/27224757\/gorri-og.png","type":"image\/png"}],"twitter_card":"summary_large_image","twitter_title":"Gorri - Handkl\u00e6\u00f0aofnar","twitter_description":"N\u00fdt\u00edsku handkl\u00e6\u00f0aofnar og kranar. Serst\u00f6k og falleg h\u00f6nnun \u00e1 ofnum sem h\u00e6gt er a\u00f0 setja upp \u00e1 ba\u00f0herberginu, eldh\u00fasinu, stofunni, forstofunni e\u00f0a \u00fear sem \u00feig langar til. H\u00e6gt er a\u00f0 l\u00e1ta s\u00e9rhanna fyrir sig ofna en \u00fe\u00e1 er l\u00e1marksp\u00f6ntun 10 ofnar. Handklaedaofnar.is","twitter_image":"https:\/\/gorri.s3.eu-west-2.amazonaws.com\/uploads\/2022\/08\/27224758\/Facebook-post-1.png","twitter_misc":{"Est. reading time":"1 m\u00edn\u00fata"},"schema":{"@context":"https:\/\/schema.org","@graph":[{"@type":"WebPage","@id":"https:\/\/gorri.is\/","url":"https:\/\/gorri.is\/","name":"Handkl\u00e6\u00f0aofnar - Handkl\u00e6\u00f0aofnar","isPartOf":{"@id":"https:\/\/gorri.is\/#website"},"primaryImageOfPage":{"@id":"https:\/\/gorri.is\/#primaryimage"},"image":{"@id":"https:\/\/gorri.is\/#primaryimage"},"thumbnailUrl":"https:\/\/gorri.is\/wp-content\/uploads\/2022\/01\/r-architecture-P_0tnQ8hb70-unsplash.jpg","datePublished":"2021-10-22T09:00:25+00:00","dateModified":"2024-02-01T13:14:40+00:00","description":"S\u00e9rst\u00f6k og falleg h\u00f6nnun \u00e1 ofnum sem h\u00e6gt er a\u00f0 setja upp \u00e1 ba\u00f0herberginu, eldh\u00fasinu, stofunni, forstofunni e\u00f0a \u00fear sem \u00feig langar til. H\u00e6gt er a\u00f0 l\u00e1ta s\u00e9rhanna fyrir sig ofna en \u00fe\u00e1 er l\u00e1marksp\u00f6ntun 10 ofnar. Handklaedaofnar.is A\u00f0rir v\u00f6ruflokkar eru kranar, sturtuni\u00f0urf\u00f6ll og sn\u00farur.","inLanguage":"is","potentialAction":[{"@type":"ReadAction","target":["https:\/\/gorri.is\/"]}]},{"@type":"ImageObject","inLanguage":"is","@id":"https:\/\/gorri.is\/#primaryimage","url":"https:\/\/gorri.s3.eu-west-2.amazonaws.com\/uploads\/2022\/01\/27224838\/r-architecture-P_0tnQ8hb70-unsplash.jpg","contentUrl":"https:\/\/gorri.s3.eu-west-2.amazonaws.com\/uploads\/2022\/01\/27224838\/r-architecture-P_0tnQ8hb70-unsplash.jpg","width":2400,"height":1600},{"@type":"WebSite","@id":"https:\/\/gorri.is\/#website","url":"https:\/\/gorri.is\/","name":"Handkl\u00e6\u00f0aofnar","description":"Handkl\u00e6\u00f0aofnar","publisher":{"@id":"https:\/\/gorri.is\/#organization"},"potentialAction":[{"@type":"SearchAction","target":{"@type":"EntryPoint","urlTemplate":"https:\/\/gorri.is\/?s={search_term_string}"},"query-input":{"@type":"PropertyValueSpecification","valueRequired":true,"valueName":"search_term_string"}}],"inLanguage":"is"},{"@type":"Organization","@id":"https:\/\/gorri.is\/#organization","name":"Handkl\u00e6\u00f0aofnar","url":"https:\/\/gorri.is\/","logo":{"@type":"ImageObject","inLanguage":"is","@id":"https:\/\/gorri.is\/#\/schema\/logo\/image\/","url":"https:\/\/gorri.is\/wp-content\/uploads\/2022\/08\/gorriH.png","contentUrl":"https:\/\/gorri.is\/wp-content\/uploads\/2022\/08\/gorriH.png","width":2304,"height":510,"caption":"Handkl\u00e6\u00f0aofnar"},"image":{"@id":"https:\/\/gorri.is\/#\/schema\/logo\/image\/"},"sameAs":["https:\/\/www.facebook.com\/handklaedaofnar"]}]}},"_links":{"self":[{"href":"https:\/\/gorri.is\/index.php?rest_route=\/wp\/v2\/pages\/51","targetHints":{"allow":["GET"]}}],"collection":[{"href":"https:\/\/gorri.is\/index.php?rest_route=\/wp\/v2\/pages"}],"about":[{"href":"https:\/\/gorri.is\/index.php?rest_route=\/wp\/v2\/types\/page"}],"author":[{"embeddable":true,"href":"https:\/\/gorri.is\/index.php?rest_route=\/wp\/v2\/users\/1"}],"replies":[{"embeddable":true,"href":"https:\/\/gorri.is\/index.php?rest_route=%2Fwp%2Fv2%2Fcomments&post=51"}],"version-history":[{"count":20,"href":"https:\/\/gorri.is\/index.php?rest_route=\/wp\/v2\/pages\/51\/revisions"}],"predecessor-version":[{"id":796,"href":"https:\/\/gorri.is\/index.php?rest_route=\/wp\/v2\/pages\/51\/revisions\/796"}],"wp:attachment":[{"href":"https:\/\/gorri.is\/index.php?rest_route=%2Fwp%2Fv2%2Fmedia&parent=51"}],"curies":[{"name":"wp","href":"https:\/\/api.w.org\/{rel}","templated":true}]}}